 2 - 0. Suppose 41 = g*b + 3*h, -5*b - h = -89 + 19. What is the remainder when (15 + -9)/(1/6) is divided by b?
10
Suppose 4*w + 14 = 50. Calculate the remainder when 44 is divided by w.
8
Let i = -6 - -8. Suppose -3*n + i*n = -18. What is the remainder when 51 is divided by n?
15
Suppose 0*v + r = -3*v + 74, -4*r - 16 = 0. Let o(d) = 12*d**2 - 27*d + 17. What is the remainder when o(4) is divided by v?
23
What is the remainder when (-7370)/(-66) - (-5)/(-3) is divided by 16?
14
Let q(o) = -4*o. Let d be q(-5). Suppose -4*i = -d - 8. What is the remainder when 18 is divided by i?
4
Let u(w) be the third derivative of w**6/120 - 7*w**5/60 + 7*w**4/24 - 2*w**3/3 - 3*w**2. Let k = 1 + 0. What is the remainder when u(6) is divided by k?
0
Suppose -g - g = 0. Suppose -28 = -2*t + 5*c, -t - 3*c + 3 = -g. What is the remainder when t is divided by 3?
0
Let h = 24 + 4. Let i = 49 - h. Calculate the remainder when i is divided by 6.
3
Let v(w) = 7*w - 46. Suppose 2*h = -x + 15, -4*h + 0 = -3*x + 15. Calculate the remainder when v(10) is divided by x.
6
Let v be (1 + (-2 - 1))*-1. Calculate the remainder when 21 is divided by 1 - (-10 + v/(-2)).
9
What is the remainder when 38 is divided by (-4)/((-7 - 1)/(-4)) + 6?
2
Suppose 10 + 22 = 4*x. What is the remainder when 21 is divided by x?
5
Suppose 5*t + 2*g - 6*g = 183, 0 = -3*t + 2*g + 111. Let s = -54 - -32. Let n = s + t. What is the remainder when 49 is divided by n?
15
Let q(k) = k**3 + k**2 - k - 13. Let i be q(0). Let c(d) = 4*d**2 - 3*d + 6. Let x be c(3). Let g = i + x. Calculate the remainder when g is divided by 11.
9
Let k = 33 + -15. What is the remainder when 0 - (0 - -2) - -6 is divided by 32/k + (-2)/(-9)?
0
Suppose -4*j = -5*j + 2. Suppose -s - 146 = -5*i, -s - j*s - 148 = -5*i. Let u = -17 - -25. Calculate the remainder when i is divided by u.
5
Suppose -2*y - 98 = -2*t, 7*t - 2*t = 3*y + 243. Calculate the remainder when t is divided by 10.
8
Suppose -3*i = 2*t + 2*t + 35, -2*t + 15 = -5*i. Let x(b) = b**3 + 6*b**2 + 4*b - 1. What is the remainder when 7 is divided by x(i)?
3
Suppose 45 = 3*y - 3*v, -5*y + 4*y - 5*v = -15. Calculate the remainder when 26 is divided by y.
11
Let y(x) = 46*x**3 - 2*x + 1. Suppose 0*t = -t - q + 3, -2 = -q. What is the remainder when y(t) is divided by 12?
9
What is the remainder when 27 is divided by 14/(-28) + 29/2?
13
Let j = 2 + -4. Let t be (-21)/(-15) + j/5. What is the remainder when 9 + -4 + t*-2 is divided by 2?
1
What is the remainder when 83 is divided by 6/(-12) - (-340)/8?
41
Let u = 7 + 2. Calculate the remainder when 33 is divided by u.
6
Let h = -60 + 39. Let s = h - -29. Suppose -7*t + 115 = -2*t. Calculate the remainder when t is divided by s.
7
Calculate the remainder when (-111)/(-4) + 9/(-12) is divided by 10.
7
Let m be ((-12)/18)/((-4)/42). Suppose 144 = m*z - 3*z. What is the remainder when z is divided by 13?
10
Let o be (-23)/(-5) - 4/(-10). Suppose -2*i - 3*i - o = 0. What is the remainder when i/2 + (-270)/(-12) is divided by 12?
10
Let a = -21 - -34. Let s be a/(-3) + (-4)/6. Let m = s + 13. Calculate the remainder when m is divided by 5.
3
Let h(k) = -2*k**3 - 9*k**2 + k - 2. Calculate the remainder when 51 is divided by h(-5).
15
Let s = 2 - 0. Suppose -i + 6*r - s*r + 20 = 0, 0 = i + 5*r - 11. Calculate the remainder when i is divided by 6.
4
Let h = -4 + 6. Suppose 14 = h*w - 0. Calculate the remainder when w is divided by 2.
1
Suppose 0 = -3*z + 26 + 4. What is the remainder when 38 is divided by z?
8
Let t = 33 - -18. Calculate the remainder when t is divided by 26.
25
Let j(t) = 25*t - 15*t - 5*t + 3*t**2 + 5. Suppose 2*x - 41 + 3 = 0. What is the remainder when j(-5) is divided by x?
17
Let d = 188 - 129. Calculate the remainder when d is divided by (-2 + 44/12)*9.
14
Let i(o) = 6 - 7 + 6 + 12*o**2 - 5*o. What is the remainder when i(2) is divided by 11?
10
Let v be 27/(-18)*116/(-3). Let r = v + -36. Calculate the remainder when r is divided by 12.
10
Let p(x) = 4*x + 80. Calculate the remainder when 21 is divided by p(-17).
9
Suppose 2*a = -n + 3*a + 1, -a = -4*n + 7. Let x = -6 + 9. What is the remainder when x is divided by (2/n)/(1/2)?
1
Let k = 47 + -6. What is the remainder when k is divided by 12?
5
Suppose 4*o = -o + 70. Calculate the remainder when o is divided by 8.
6
Suppose -3*t = 2*t - 55. Let c(l) = l**3 + 9*l**2 + 10*l + 4. Suppose o - 1 = -8. Calculate the remainder when c(o) is divided by t.
10
Suppose 0 = -3*c - 0 - 6. What is the remainder when 51/9 + c/3 is divided by 3?
2
Let v(j) = 12*j**2 - 1. Let w be v(1). Suppose 0 = 3*c - 2 + w, 5*d = 5*c + 250. Calculate the remainder when d is divided by 16.
15
Suppose 0*m - 28 = -4*m. Calculate the remainder when 33 is divided by m.
5
Let a = -12 + 9. Calculate the remainder when -2*-6*a/(-12) is divided by 2.
1
Let l(i) = -3*i. Calculate the remainder when l(-2) is divided by 126/49 - 3/(-7).
0
Let i(k) = k + 64. Let g = -3 + 3. Let t be i(g). Suppose 3*j = -j + t. What is the remainder when j is divided by 9?
7
Let a = -64 - -111. Calculate the remainder when a is divided by 10.
7
Suppose 3*n = -1 - 8, w + 4*n = 2. Let f = w - -6. Calculate the remainder when f is divided by 6.
2
Let k = 278 + -103. Suppose c = -4*c + k. What is the remainder when c is divided by 18?
17
Let z(y) = 25*y - 6. Let c be z(6). Suppose -2*s - 5*o = -143, -4*s - 3*o = -c - 121. Calculate the remainder when s is divided by 11.
9
Let p(b) = b**3 - 5*b**2 - 4*b + 7. Let i be p(6). Suppose -n - 2*n + i = c, -13 = c - 5*n. What is the remainder when c is divided by 3?
1
Suppose -5*g + 127 = -4*r - 134, 5*g - 265 = 5*r. Calculate the remainder when g is divided by 13.
10
Let z = -42 - -47. Calculate the remainder when 22 is divided by z.
2
Let y = 62 + -94. Let h be ((-3)/(-2))/(12/y). What is the remainder when (-291)/h + 7/28 is divided by 25?
23
Let t be 6/(-45) - (-176)/(-30). Let c(s) be the third derivative of s**6/120 + s**5/10 + 4*s**3/3 + s**2. Calculate the remainder when 22 is divided by c(t).
6
Let a(c) = 7*c**2 - c. Let k be a(-1). Suppose -k = -4*t + 60. Calculate the remainder when 50 is divided by t.
16
Calculate the remainder when 2/2*10/((-30)/(-279)) is divided by 12.
9
Let s = -64 + 89. What is the remainder when s is divided by 13?
12
Let v = -46 + 88. Calculate the remainder when v is divided by -2*(-12)/(-16)*-6.
6
Suppose 6*o = o + 70. Suppose 3*r + 18 = 8*r + 3*d, 5*d = -r - o. Suppose y + 0*y - r = 0. Calculate the remainder when 17 is divided by y.
5
Suppose 0*m = -3*m + 15. Let f(r) = r + 3. What is the remainder when f(m) is divided by (-1)/(-3) - 32/(-12)?
2
Suppose -2*n + 34 = -0*n. Suppose 3*s - 29 = 4*d + 2*s, -n = 2*d - s. Let v = 12 + d. What is the remainder when 17 is divided by v?
5
Suppose 20 = -h + 5*h. Suppose -6*q = -4*j - q + 17, 3*q - 3 = -2*j. What is the remainder when h is divided by j?
2
Let y(s) = s**2 + s + 5. Let b = -5 - -7. Suppose -14 = -4*q + b*d, -2*d - 7 = -3*q + 5. Calculate the remainder when y(0) is divided by q.
1
Let d(l) = l**3 - 3*l**2 + l + 1. Let x be d(2). Calculate the remainder when 39 is divided by (-7)/(x/(-9)*-3).
18
Suppose -15*w + 10*w = -130. What is the remainder when w is divided by 7?
5
What is the remainder when 64 is divided by -3*(-2 - 35/(-12))*-4?
9
Let u(s) = 4*s + 3. Let x be u(-2). Let k be 15/(-1)*2/x. Suppose r = k + 9. Calculate the remainder when 43 is divided by r.
13
Let g = 23 + 37. Let d(h) = -h**2 + 8*h + 9. Let w be d(9). Suppose -g = -5*u - w*u. Calculate the remainder when 23 is divided by u.
11
Let d(u) = u. Let w be ((-6)/8)/(2/8). Let a be d(w). Calculate the remainder when 21 is divided by ((-2)/a)/(6/99).
10
Let j(g) = g**3 + 7*g**2 + 4. Suppose -3*c - 38 = 2*c + 3*f, 5*f = 3*c + 16. Calculate the remainder when j(c) is divided by 2.
0
Suppose 5*o - 5*j = 35, 0*j = o - 3*j - 7. What is the remainder when 19 is divided by o?
5
Calculate the remainder when 34 is divided by (-7 + 1)/((-4)/6).
7
Let d(z) = z**3 + 6*z**2 + 6*z - 1. Let t be d(-5). Let v = 31 - 22. What is the remainder when (-110)/(-4) + t/4 is divided by v?
8
Let x = 40 + -38. What is the remainder when x is divided by 1?
0
Suppose 5 = 2*h - 5. Suppose c = n + 4*n, -h*n = -5*c + 80. Calculate the remainder when 3